{"id":841,"date":"2020-01-10T23:10:25","date_gmt":"2020-01-10T23:10:25","guid":{"rendered":"http:\/\/www.mv-papenburg.de\/?page_id=841"},"modified":"2022-07-26T14:36:18","modified_gmt":"2022-07-26T14:36:18","slug":"jahresrueckblick-2020","status":"publish","type":"page","link":"https:\/\/mv-papenburg.de\/?page_id=841","title":{"rendered":"Jahresr\u00fcckblick 2020"},"content":{"rendered":"\r\n<p>Musikalischer Adventskalender, Dezember 2020<\/p>\r\n<p><\/p>\r\n<p><strong>Musikverein Papenburg kreiert musikalischen Adventskalender<br \/><\/strong>Das Orchester des Musikverein Papenburg von 1996 e.V. wird in diesem Jahr mit einem musikalischen Adventskalender auf seiner Homepage jeden Tag ein weihnachtliches Musikst\u00fcck pr\u00e4sentieren. Normalerweise w\u00e4ren die Musiker wie immer bei zahlreichen Veranstaltungen in der Vorweihnachtszeit sowie an zwei Adventswochenenden auf dem Weihnachtsmarkt an der alten M\u00fchle in Papenburg zu sehen und zu h\u00f6ren gewesen sein. Da dies nun erstmals seit dem fast 25 j\u00e4hrigen Bestehen nicht m\u00f6glich ist, hat sich der Vorstand des Vereins \u00fcberlegt, wie man die Weihnachtszeit trotzdem musikalisch gestalten kann.<br \/>Dirigent Sven Koop hatte bereits zu Beginn der Corona-Zeit damit begonnen, aus Einzelaufnahmen seiner Musiker ganze Orchesterst\u00fccke in Ton und Video zusammen zu bauen, die \u00fcber die Homepage und Facebook ver\u00f6ffentlich wurden. Nun entstehen nach und nach Aufnahmen von kleinen Ensembles \u2013 entsprechend der Coronaregeln bestehend aus ein bis zwei Haushalten mit ihren Lieblingsweihnachtsliedern. Die Zusammenstellungen reichen vom Hornquartett \u00fcber die Kombination verschiedener Blasinstrumente wie Querfl\u00f6te, Klarinette, Saxophone, Trompete, Posaune, Horn oder Tuba. Studiotechnik macht es dabei m\u00f6glich, dass die Musiker nacheinander mehrere Stimmen einspielen k\u00f6nnen oder \u00a0ein Schlagzeug und Percussions hinzukommen. \u201eDie Motivation, mitzumachen, ist sehr gut und es ist f\u00fcr die Musiker auch mal eine ganz neue Erfahrung, ein St\u00fcck in kleiner Besetzung perfekt einzuspielen, wenn man sonst immer das gro\u00dfe Orchester gewohnt war\u201c, erkl\u00e4rt Sven Koop.<br \/>Der Adventkalender ist auf der Homepage <a href=\"http:\/\/www.mv-papenburg.de\">www.mv-papenburg.de<\/a> zu finden. Die \u201eT\u00fcrchen\u201c werden die ganze Adventszeit weiter bef\u00fcllt, alle bereits vorhandenen St\u00fccke k\u00f6nnen beliebig angeklickt werden. H\u00f6hepunkt wird an Weihnachten eine besondere Variante von \u201eStille Nacht\u201c werden. F\u00fcr Heilig-Abend steht dann das Ganze Repertoire mit 24 St\u00fccken zur Verf\u00fcgung, zu denen in den eigenen vier W\u00e4nden nat\u00fcrlich auch gesungen werden kann.<\/p>\r\n<p><\/p>\r\n<p>\r\n\r\n<\/p>\r\n<p><br \/>Ein Jahresausklang ohne Weihnachtsmusik \u2013 das kam f\u00fcr das Orchester des Musikvereins Papenburg von 1996 e.V. nicht in Frage. In Anbetracht von abgesagten Weihnachtsm\u00e4rkten und Konzerten waren die Bedingungen allerdings schwierig f\u00fcr die Musiker, die seit dem zweiten Lockdown auch ihrer Proben in Kleingruppen einstellen mussten.<\/p>\r\n<p>\r\n\r\n<\/p>\r\n<p>So stie\u00df die Idee, in kleinen Besetzungen von zwei bis vier Musikern aus maximal zwei Haushalten einen musikalischen Adventskalender zu gestalten, auf Begeisterung. \u00dcber mehrere Wochen organisierte Dirigent Sven Koop die Aufnahmen, Tag f\u00fcr Tag wurde ein neues St\u00fcck in den virtuellen Adventskalender auf der Homepage des Vereins (<a href=\"http:\/\/www.mv-papenburg.de\">www.mv-papenburg.de<\/a>) eingebaut. \u201eDie Musiker zu motivieren, weiter Musik zu machen und den Zusammenhalt zu st\u00e4rken, ist derzeit eine gro\u00dfe Herausforderung f\u00fcr alle Orchester, mit dem Adventskalender konnten wir das in der Vorweihnachtszeit erreichen und gleichzeitig f\u00fcr unser Publikum spielen\u201c, so Sven Koop.<\/p>\r\n<p>\r\n\r\n<\/p>\r\n<p>Heute, am 21. Dezember, zeigt sich der Adventskalender prall gef\u00fcllt mit stimmungsvoller Musik. Dabei pr\u00e4sentiert das Orchester eine gro\u00dfe Vielfalt an M\u00f6glichkeiten mit ihren Instrumenten, darunter zwei- und vierstimmige Besetzungen der bekannten Weihnachtslieder wie \u201eMaria durch ein Dornwald ging\u201c oder \u201eS\u00fc\u00dfer die Glocken nie klingen\u201c genauso wie ungew\u00f6hnliche Zusammenstellungen, beispielsweise der amerikanische Klassiker \u201eRudolph the rednose reindeer\u201c mit Querfl\u00f6te und Tuba, wobei der flotte Rhythmus auf die \u201eSchreibtischplatte\u201c geklopft wurde. Auch einige Beitr\u00e4ge mit Gitarre und Gesang der Musiker, die im Orchester normalerweise Blasinstrumente spielen, sind zu finden. Um den mehrstimmigen Satz zu \u201eWir sagen euch an den lieben Advent\u201c \u00a0f\u00fcr den 20. Dezember zusammen zu stellen, wurden alle Musiker aufgefordert, ihre Stimme als Tondatei zu \u00fcbersenden. Das Ergebnis, das dann mit Hilfe von Studiotechnik entstand, kann sich ebenfalls \u201eh\u00f6ren lassen\u201c. Klicken Sie mal rein!<br \/>Der Musikverein Papenburg w\u00fcnscht ein frohes Weihnachtsfest!<\/p>\r\n<p>\r\n\r\n<\/p>\r\n<p><\/p>\r\n<p>Wir bedanken uns f\u00fcr \u00fcber 1400 Klicks auf unseren Adventskalender und hoffen, dass dieser den Rutsch ins Neue Jahr vereinfacht hat.<br \/>Ihr habt die Aktion verpasst? Der Adventskalender steht <a href=\"https:\/\/www.mv-papenburg.de\/?page_id=10022\">hier<\/a> weiterhin zur Verf\u00fcgung.<\/p>\r\n<p><\/p>\r\n<p>\r\n\r\n<\/p>\r\n<p><\/p>\r\n<p>\r\n\r\n<\/p>\r\n<p>\r\n\r\n<\/p>\r\n<p>\r\n\r\n<\/p>\r\n<p><\/p>\r\n<p><strong>Digitale, Musikalische Pub Quiz, Mai 2020<\/strong><\/p>\r\n<p><\/p>\r\n<p>Zusammenk\u00fcnfte sind auch weiterhin nicht erlaubt &#8211; Im Beruf wird wo es geht auf Videokonferenzen zur\u00fcckgegriffen, auch privat halten viele Videokonferenzen mit Freunden und Familie ab. Diese M\u00f6glichkeit k\u00f6nnen auch wir im Verein nutzen, das haben sich Maren und Jonas gedacht und an einem Freitag zu einem Pub Quiz mit Fragen rund um die Musik und den Verein eingeladen.<\/p>\r\n<p>\r\n\r\n<\/p>\r\n<p>In der ersten Runde wurden Fragen \u00fcber unseren Verein gestellt,<br \/>so zum Beispiel die Frage wann wir in unseren jetzigen Proberaum umgezogen sind &#8211; der <a href=\"https:\/\/www.mv-papenburg.de\/?page_id=47\">Chronik<\/a> zu entnehmen: 2014 &#8211; oder welche f\u00fcnf Personen aktuell unseren Vereinsvorstand stellen.<br \/>In der zweiten Runde wurde &#8222;Wer bin ich&#8220; gespielt&#8220;, unter anderem wurden Vereinsmitglieder &#8211; Sven Koop und Birgit Kampling-M\u00f6nter-, Vereinsfreund und Komponist Harald Kullmann, &#8222;S\u00e4nger Schauspieler und Enternainer&#8220; Frank Sinatra und Newcomerin und Grammy-Gewinnerin Billie Eilisch vorgestellt.<br \/>Weiter ging es dann mit einigen Sch\u00e4tzfragen. Der Zusammenfassung von Moderatorin Maren nach, dass hier keiner mehr als einen Punkt bekommen habe, ist hier noch \u00dcbungsbedarf.<br \/>Der Abschluss hingegen hat wieder einigerma\u00dfen gut funktioniert &#8211; Das Spiel Montagsmaler wurde f\u00fcr uns abgewandelt:<br \/>Wir haben an einem Freitagabend &#8211; statt der Probe &#8211; unsere Orchesterst\u00fccke abwechslungsweise nicht gespielt sondern gemalt. Darunter Titel wie Star Wars, Pirates of the Caribbean oder I will follow him.<br \/><br \/>Musikalisch sind wir auch in diesen Wochen aktiv gewesen, ein weiteres Video wird in den n\u00e4chsten Tagen auch auf unserer <a href=\"https:\/\/www.facebook.com\/MusikvereinPapenburgVon1996Ev\">Facebook-Seite<\/a> ver\u00f6ffentlicht.<br \/>In diesen Wochen geriet das Vereinsleben aber k\u00fcrzer als sonst &#8211; Daher kam diese Aktion bei den Mitgliedern sehr gut an. Wir freuen uns auf die zweite Ausgabe, organisiert von den Gewinnern Birgit und Uli.<\/p>\r\n<p><\/p>\r\n<p><strong>Virtueller Auftritt, Mai 2020<\/strong><\/p>\r\n<p><\/p>\r\n<p>Der Musikverein Papenburg von 1996 e.V. kann auch in der Corona-Zeit nicht auf das gemeinsame Musizieren verzichten. Als am 22. M\u00e4rz die Musiker*innen f\u00fcr Deutschland dazu aufriefen, die \u201eOde an die Freude\u201c von Ludwig von Beethoven aus dem Fenster zu spielen, griffen auch die Papenburger Musiker zu ihren Instrumenten. Wer konnte, nahm seinen Auftritt per Handy auf. Hieraus entstand ein kleiner Film, der zu weiteren Projekten animierte.<\/p>\r\n<p>\r\n\r\n<\/p>\r\n<p>Eigentlich w\u00e4re das Blasorchester Anfang Mai zusammen mit dem M\u00e4nnergesangsverein Aschendorfermoor in Tonstudio gegangen um das Papenburg-Lied (\u201eDenk Papenburg wie klein Du angefangen\u201c) aufzunehmen. Auch die Stadt Papenburg hatte sich dazu bereit erkl\u00e4rt, die Musikproduktion zu unterst\u00fctzen. Dies muss nun aufgrund der Corona-Pandemie auf unbestimmte Zeit verschoben werden.<\/p>\r\n<p>\r\n\r\n<\/p>\r\n<p>Dirigent Sven Koop wagte das Experiment und forderte nun die Mitglieder dazu auf, das \u201ePapenburg Lied\u201c zu Hause per Whatsapp einzuspielen. Damit auch alle das gleiche Tempo spielen, verschicke Sven Koop einen \u201eKlicktrack\u201c, eine Aufzeichnung mit dem digitalen Schlagzeug, zu dem jeder per Kopfh\u00f6rer ganz genau spielen sollte. Kein leichtes Unterfangen, wie sich herausstellte, denn absolut fehlerfrei und genau zu spielen, ist schon eine Kunst. Die schlie\u00dflich \u00fcber 20 Beitr\u00e4ge wurden von Sven Koop in stundenlanger Arbeit am PC zusammengebaut \u2013 mit dem Ergebnis, dass sich das Orchester nun in seiner ganzen musikalischen Kraft gemeinsam in Bild und Ton pr\u00e4sentiert. Sogleich verbreitete sich das Video in den sozialen Medien. Und auch wenn alle Musiker die Zeit herbeisehnen, bis man endlich wieder gemeinsam musizieren kann, steht heute schon fest, das weitere \u201evirtuelle Auftritte\u201c folgen werden.\u00a0<\/p>\r\n<p>\r\n\r\n<\/p>\r\n<p>Schaut auch gerne auf unserer Facebook-Seite vorbei. <a href=\"https:\/\/www.facebook.com\/140759019406434\/posts\/1706896706125983\/?vh=e&amp;d=n\">Hier<\/a> seht ihr zum Beispiel wie sich unser Dirigent und unsere erste Trompete die Zeit bis zur n\u00e4chsten Probe vertreiben.<\/p>\r\n<p>\r\n\r\n<\/p>\r\n<p><code><iframe loading=\"lazy\" src=\"\/\/www.mv-papenburg.de\/wp-content\/uploads\/2020\/05\/Moorvariations-1-final-720p.mp4\" width=\"848px\" height=\"480px\" frameborder=\"0\" data-mce-fragment=\"1\">&lt;\/code&gt;<\/iframe><\/code><\/p>\r\n<p>\r\n\r\n<\/p>\r\n<p><strong>Spiel aus dem Fenster, April 2020<\/strong><br \/><\/p>\r\n<p>Die Corona-Pandemie stoppt das Leben der Musikvereine komplett. Proben und Konzerte mussten abgesagt werden, Unterricht kann nicht mehr stattfinden. Gerade in der anf\u00e4nglichen \u201eSchockstarre\u201c half der Aufruf der \u201eMusiker**innen f\u00fcr Deutschland\u201c zum \u201eOpen Windows Konzert\u201c dabei, sich auf die Freude, die Musik bringen kann, zur\u00fcck zu besinnen. Nach dem Vorbild insbesondere der italienischen Nachbarn sollten alle Musiker am 22.03.2020 exakt um 18:00 Uhr die \u201eOde an die Freude\u201c von Ludwig von Beethoven spielen. Auch die Mitglieder des Musikverein Papenburg \u2013 von 1996 e.V. waren begeistert dabei und spielten von ihren Terrassen, Balkonen oder einfach aus dem ge\u00f6ffneten Fenster. Einige Musiker nahmen ihre \u201eVorstellung\u201c per Handy auf und es entstand ein kleiner Film, der allen als Erinnerung an diese besondere Zeit dienen soll. Eine Wiederholung der Aktion \u2013 diesmal mit dem St\u00fcck \u201eAmazing Grace\u201c \u2013 ein sch\u00f6ner Tag \u2013 fand einen Monat sp\u00e4ter am Sonntag den 19. April statt. Fortsetzung folgt.<\/p>\r\n<p>\r\n\r\n<\/p>\r\n<p><br \/>Schaut euch <a href=\"https:\/\/www.mv-papenburg.de\/?page_id=841\">hier<\/a> unseren Jahresr\u00fcckblick an, <a href=\"https:\/\/www.mv-papenburg.de\/?page_id=127\">hier<\/a> gibt es noch einige Fotos.<\/p>\r\n<p>\r\n\r\n<\/p>\r\n<p>Ein besonderer Dank gilt den mutigen Musikern, die ihre Version aufgenommen und zur Verf\u00fcgung gestellt haben, und f\u00fcr den Schnitt des Videos.<br \/><code><iframe loading=\"lazy\" src=\"\/\/www.mv-papenburg.de\/wp-content\/uploads\/2020\/04\/WhatsApp-Video-2020-04-22-at-16.03.43.mp4\" width=\"848px\" height=\"480px\" frameborder=\"0\" data-mce-fragment=\"1\">&lt;\/code&gt;<\/iframe><\/code><\/p>\r\n<p>\r\n\r\n<\/p>\r\n<p>&nbsp;<\/p>\r\n<p><\/p>\r\n<p><br \/><strong>Jahreshauptversammlung, 10. Januar 2020<\/strong><\/p>\r\n<p>Das Jahr beginnt in unserem Verein mit der Jahreshauptversammlung. Hier werden wichtige Themen des Vereinslebens angesprochen und diskutiert. Zudem steht hier die Wahl des Vereinsvorstandes an.<br \/>In diesem Jahr wurden gew\u00e4hlt:<br \/>1. Vorsitzende: Birgit Kampling-M\u00f6nter<br \/>1. Stellvertreterin: Ingrid Gerbrand<br \/>2. Stellvertreter: Christian Koop<br \/>Schriftf\u00fchrerin: Anja Sagkob<br \/>Schatzmeister: Christoph Norda<br \/>Die Vereinsmitglieder gratulieren zur Wahl und w\u00fcnschen gutes Gelingen!<\/p>\r\n\r\n\r\n\r\n<p>&nbsp;<\/p>\r\n<figure id=\"attachment_835\" aria-describedby=\"caption-attachment-835\" style=\"width: 300px\" class=\"wp-caption alignnone\"><img loading=\"lazy\" decoding=\"async\" class=\"size-medium wp-image-835\" src=\"https:\/\/mv-papenburg.de\/wp-content\/uploads\/2020\/01\/Vorstand-scaled-1-300x225.jpg\" alt=\"\" width=\"300\" height=\"225\" srcset=\"https:\/\/mv-papenburg.de\/wp-content\/uploads\/2020\/01\/Vorstand-scaled-1-300x225.jpg 300w, https:\/\/mv-papenburg.de\/wp-content\/uploads\/2020\/01\/Vorstand-scaled-1-1024x768.jpg 1024w, https:\/\/mv-papenburg.de\/wp-content\/uploads\/2020\/01\/Vorstand-scaled-1-768x576.jpg 768w, https:\/\/mv-papenburg.de\/wp-content\/uploads\/2020\/01\/Vorstand-scaled-1-1536x1152.jpg 1536w, https:\/\/mv-papenburg.de\/wp-content\/uploads\/2020\/01\/Vorstand-scaled-1-2048x1536.jpg 2048w, https:\/\/mv-papenburg.de\/wp-content\/uploads\/2020\/01\/Vorstand-scaled-1-440x330.jpg 440w\" sizes=\"auto, (max-width: 300px) 100vw, 300px\" \/><figcaption id=\"caption-attachment-835\" class=\"wp-caption-text\">Vorstand 2020: <br \/>v.l.n.r. Christian Koop, Christoph Norda, Anja Sagkob, Ingrid Gerbrand, Birgit Kampling-M\u00f6nter<\/figcaption><\/figure>\r\n<p>&nbsp;<\/p>\r\n","protected":false},"excerpt":{"rendered":"","protected":false},"author":2,"featured_media":0,"parent":0,"menu_order":0,"comment_status":"closed","ping_status":"closed","template":"","meta":{"footnotes":""},"class_list":["post-841","page","type-page","status-publish","hentry"],"_links":{"self":[{"href":"https:\/\/mv-papenburg.de\/index.php?rest_route=\/wp\/v2\/pages\/841","targetHints":{"allow":["GET"]}}],"collection":[{"href":"https:\/\/mv-papenburg.de\/index.php?rest_route=\/wp\/v2\/pages"}],"about":[{"href":"https:\/\/mv-papenburg.de\/index.php?rest_route=\/wp\/v2\/types\/page"}],"author":[{"embeddable":true,"href":"https:\/\/mv-papenburg.de\/index.php?rest_route=\/wp\/v2\/users\/2"}],"replies":[{"embeddable":true,"href":"https:\/\/mv-papenburg.de\/index.php?rest_route=%2Fwp%2Fv2%2Fcomments&post=841"}],"version-history":[{"count":3,"href":"https:\/\/mv-papenburg.de\/index.php?rest_route=\/wp\/v2\/pages\/841\/revisions"}],"predecessor-version":[{"id":26614,"href":"https:\/\/mv-papenburg.de\/index.php?rest_route=\/wp\/v2\/pages\/841\/revisions\/26614"}],"wp:attachment":[{"href":"https:\/\/mv-papenburg.de\/index.php?rest_route=%2Fwp%2Fv2%2Fmedia&parent=841"}],"curies":[{"name":"wp","href":"https:\/\/api.w.org\/{rel}","templated":true}]}}